.
-22
Let p(c) be the first derivative of -13 + 1/2*c**2 - 20*c. Suppose -6 = -5*i + 2*d, -2 - 13 = -i + 5*d. Calculate p(i).
-20
Let u be 92/(-10) + 7 - (4 - 63/15). Let y(s) = -15*s**2. Calculate y(u).
-60
Let u(w) = -11*w - 48. Let f = 21672 - 21672. Determine u(f).
-48
Let m(s) be the second derivative of -s**3/6 + 3*s**2/2 - 3*s - 45. Let k be (-2)/(-8)*4 + -7. Determine m(k).
9
Let g(t) = -2*t - 43. Let x(i) = -2*i**2 - 12*i + 3. Let s be x(-7). Let m(d) = d + 22. Let j(l) = s*m(l) - 6*g(l). Let y be j(-17). Let n(h) = h. What is n(y)?
-1
Let x(w) = 2*w - 10. Suppose 2*b - 18 = 2*j, -5*b - 2*j + 60 - 36 = 0. Give x(b).
2
Let j(h) = h**2 + 2*h - 1. Let l be 9/21 - (-4)/7. Let x(f) = -5*f**2 - 8*f - 1. Let r(n) = l*x(n) + 4*j(n). What is r(-4)?
-21
Suppose -12*b - 7 = 29. Let f(q) = q + 1. Let k(y) be the second derivative of 2*y**3/3 + y**2 + y. Let w(c) = b*f(c) + k(c). Give w(7).
6
Let o(q) = -q**2 - 6*q + 13. Let l(z) = -z**2 - 58*z - 801. Let v be l(-36). Calculate o(v).
-14
Let l(d) = d**2 - 11*d - 43. Suppose -35*h = -36*h - 4 + 1. Calculate l(h).
-1
Let m(h) be the third derivative of -h**6/60 + 5*h**4/24 - h**3 - 33*h**2 + 14*h + 1. Calculate m(-4).
102
Let o(r) = 4*r + 3. Let b be o(0). Let d be 3 - ((-2)/2)/(-1). Let n(q) = -q**d + 4 + 2*q + 2*q**2 - 3*q. Give n(b).
10
Suppose 4*p + 2 = 6. Let v(h) = 8072705*h**3 + 2*h + 12 - 13 - 8072711*h**3. Determine v(p).
-5
Let y(x) = x**3 + 8*x**2 - 11*x + 10. Let i(h) = 92*h - 30. Let f be i(2). Suppose -9 = -153*r + f*r. Calculate y(r).
28
Let w(o) = o + 4. Suppose 0 = -2*r + p + 7, -p = -r + 3*r + 3. Let v be w(r). Let z(d) = -d**3 + 7*d**2 - 5*d - 7. What is z(v)?
18
Let x(g) be the second derivative of -g**3/6 + 5*g**2/2 + 49*g. Calculate x(2).
3
Let u = -117 + 119. Let y(a) = 2*a**2 - 4 - 3*a**2 + u + 5*a. Let r be y(5). Let z(j) = 4*j - 2. What is z(r)?
-10
Let b(w) be the second derivative of -w**5/20 + 2*w**4/3 + 7*w**3/6 + 9*w**2/2 + 1703*w. Calculate b(9).
-9
Let l = -6 - -12. Let f(w) = -89*w - 347. Let z be f(-4). Let x(m) = 2 + 7*m - l*m + z*m - 3. Give x(-1).
-11
Let n = 17 + -13. Suppose 4*l - 3 = -6*z + 5*z, 0 = -l. Let o be n - (1 - -1 - z). Let y(m) = m**2 - 6*m. Determine y(o).
-5
Let d(t) be the third derivative of 1/20*t**5 - 1/6*t**4 + 0 + 1/2*t**3 + 52*t**2 + 0*t. What is d(2)?
7
Let b = -3 + -8. Let n = 17 + b. Let p(t) be the first derivative of t**4/4 - 2*t**3 - 2*t**2 + 4*t + 584. Determine p(n).
-20
Let c(o) = -359*o**2 + 1094*o**2 + 3 + 2 - 365*o**2 - 7*o - 369*o**2. Give c(2).
-5
Let o(f) = 2 - 17*f**2 + 0 - 2*f - 1. Let y(v) = -v**2 - 10*v + 76. Let m be y(-15). Give o(m).
-18
Suppose 36*u + 105 = -3. Let n(z) be the first derivative of -7*z - 1/2*z**2 - 3. Give n(u).
-4
Let t(r) = -63*r + 1261. Let f be t(20). Let z(l) = 4*l**3 - l**2 + l. Determine z(f).
4
Let n(l) = -l**2 + 16*l + 2. Let k(g) = -221*g + 6427. Let v be k(29). Determine n(v).
-34
Let h(i) = -2*i. Let t be h(1). Let x(b) be the second derivative of -2*b**3/3 - b**2/2 + 2*b + 13897. Determine x(t).
7
Let v be -3*(-3)/(4 + -3). Let m be 17 - -1*v/(-3). Let g(s) = 12*s + s + 2 - m*s. Determine g(-3).
5
Let h(w) be the first derivative of -w**4/12 - 5*w**3/3 + 7*w**2 - 74*w + 23. Let r(l) be the first derivative of h(l). Calculate r(-12).
-10
Let d(o) = 26*o**2 - 21*o**2 + o**3 - 15*o**2 + 2. Let s(r) = -33*r - 287. Let j be s(-9). Calculate d(j).
2
Let n(q) be the third derivative of -11*q**4/24 + 124*q**3/3 - 2*q**2 + 195. What is n(22)?
6
Let t(o) = o**3 - 5*o**2 - 15*o - 7. Let x(r) = 23*r + 191. Let z be x(-8). Give t(z).
-14
Let j(s) be the first derivative of s**3/3 + 7*s**2/2 - 7*s + 613. Suppose -5*u + 35 = 5*d, -4*u = 5*d - 52 + 14. Let w = d + -18. What is j(w)?
1
Let x(b) = 4*b + 2 + 5*b - 7*b. Let v be x(-2). Let w be 1/(v + 1 + 0). Let a(k) = -14*k + 1. Determine a(w).
15
Let v(i) = 3896*i + 3908*i + 6 - 7805*i. Calculate v(-13).
19
Let a(m) = -m**2 - 11*m - 8. Suppose 6*j = -51 - 111. Let w = j - -17. Calculate a(w).
2
Let w be (0 - 6/(-12))/(1/2). Let o be 2/4*16*w. Let b(m) = m**2 - 9*m + 12. What is b(o)?
4
Let v(y) = 3*y**2 + 10*y - 8. Let l be v(-6). Let g = -37 + l. Suppose 7 = p + g. Let a(n) = n**3 - 5*n**2 + 3*n - 3. Determine a(p).
-7
Suppose -189 = -4*x - o, -138 = -3*x + 2*o + 1. Let k(i) = x - 29 - 16 + 3*i - i**2. Give k(6).
-16
Let b(q) = 224*q - 10751. Let k be b(48). Let o(v) = 15*v**3 + v**2 + 3*v - 2. Give o(k).
17
Suppose 16 + 14 = 6*w. Let q(k) = -4*k - 11. Let s be q(-5). Let p(f) = -3. Let n(j) = j + 5. Let u(o) = s*p(o) + 4*n(o). What is u(w)?
13
Let c(z) = -25*z**2 + 10*z - 32. Let a(y) = -12*y**2 + 5*y - 17. Let b(w) = -11*a(w) + 6*c(w). What is b(1)?
-18
Let p(h) be the first derivative of h**4/4 + 58*h**3/3 + 83*h**2 + 56*h + 9279. Calculate p(-55).
1
Let m(g) be the second derivative of g**3/6 + 3*g**2/2 - 3*g - 197. Calculate m(8).
11
Let b(c) = -c + 7. Suppose -25*f - 1993 = 3107. Let o = f - -213. Calculate b(o).
-2
Let w(m) = -3*m - m**2 - 10985*m**3 - 4 - 4*m**2 + 10983*m**3. Calculate w(-2).
-2
Suppose -24*b - 1752 = -30*b. Let o = -290 + b. Let a(d) = -d**3 + 3*d**2 - 3*d + 1. Give a(o).
-1
Let q(v) be the second derivative of v**4/12 - 3*v**3/2 + 21*v**2/2 - 384*v. Determine q(9).
21
Suppose i - m = 8, 2*i + 0*i = 5*m + 28. Let b(y) = -2*y + 3*y + 3*y - i + 0 - 2*y. Let k(u) = u**3 - 8*u**2 - 10*u + 13. Let p be k(9). Determine b(p).
4
Let d(a) be the second derivative of a**5/20 - 5*a**4/12 - a**3/6 + 7*a. Let v = -1560 + 1565. Give d(v).
-5
Suppose 3*f - 7*f - 8 = 0. Let h be (f + (-10)/(-4))*4. Let i(p) = 2 + p + 2*p - 3 + 2 - p - p**2. Give i(h).
1
Let r(m) be the third derivative of m**6/120 - m**5/12 + m**4/12 + m**3/6 - 355*m**2 + 15. Let t be (0 + 0)/2 + 3. Calculate r(t).
-11
Suppose 4*p = 5*o - 5, 3*p - 3 = p - 3*o. Suppose 4*h - 275 = -19. Let c(l) = 65 - 2*l**2 + 9*l**2 + 2*l - h + p*l. Give c(-1).
6
Let a(x) = x**3 + 10*x**2 + 4*x. Let v be (-3 + -1 + -2)*(-60)/(-36). What is a(v)?
-40
Suppose -6*b + 8 = -8*b - 5*k, b - 9 = 4*k. Suppose v = 2*m - b, 2*m - v = -2*v - 1. Let o(a) = -a**2 + a + 5. What is o(m)?
5
Let x(h) = -h**2 - 4*h + 8. Let j(y) = -17*y + 58. Let b be j(3). Let w = b + -13. Give x(w).
-4
Let w(d) be the third derivative of d**6/120 - 11*d**5/60 + d**4/4 + 43*d**3/6 + 5*d**2 + 34*d. Calculate w(10).
3
Let g(s) = -s**3 - s**2 + 2. Let j(f) = 4*f**3 + 27*f**2 - 21*f - 23. Let t(w) = -5*g(w) - j(w). Determine t(21).
13
Let m(b) = 12634*b - 12615*b + 0*b**2 - b**3 + 16 - 2*b**2. Let q be m(-5). Let g(t) = 9*t + 2. Calculate g(q).
-34
Suppose y + 10 - 2 = 2*u, 7 = 3*u + y. Suppose 33 - 12 = -5*v + u*c, -5*v = c + 13. Let j(t) = -t**2 - 3*t + 4. Determine j(v).
4
Let j(q) be the first derivative of q**3/3 + 15*q**2/2 - 3*q + 386. Determine j(-8).
-59
Suppose p + 27 = -5*y, 2*p + 4 = -3*y - 15. Let f be ((-5)/p)/(19/(-12) - -2). Let q(a) = a**3 - 6*a**2 + 3*a - 6. Give q(f).
12
Let d be (33/6 - 2)*2. Let o(k) be the first derivative of -k**3/3 + 5*k**2/2 + 2*k - 384. Give o(d).
-12
Suppose 1 = -m, 2*w + 5*m = -w + 169. Let n = w + -62. Let f(p) = p + 3. Let a(h) = 6*h + 15. Let i(r) = -2*a(r) + 11*f(r). Give i(n).
7
Let p(f) = f**3 + 3*f**2 - 5*f + 1. Let i be ((-4)/(-3))/(13/78). Suppose 0 = -2*y - 8, 5*x = 9*x - 2*y + i. What is p(x)?
5
Let b(i) = 58053*i**3 - 58054*i**3 - 6*i**2 + 6 + 3*i + 3*i. What is b(-5)?
-49
Let d = -466 - -472. Let q(k) be the second derivative of k**4/12 - 5*k**3/3 + 4*k**2 - 13*k. Determine q(d).
-16
Let t(s) = 41*s + 326. Let y be -4 - (-17 + (-378)/(-18)). Determine t(y).
-2
Let u(f) = f**2 - 3800*f + 37907. Let i be u(10). Let w(s) be the first derivative of s**3/3 - 2*s**2 + 9*s - 1. Calculate w(i).
30
Let m(z) = z**3 + z**2 + 5*z - 1. Let n(g) = 15*g + 34*g + 5*g**3 - 29*g - 3 + 6*g**2. Let j(v) = 9*m(v) - 2*n(v). Determine j(-4).
-7
Let b(v) = -8*v - 35. Suppose 761 = -106*r + 231. Calculate b(r).
5
Let o(b) = b**2 - 15*b - 7. Let r(g) = -g**2 - 2*g - 476. Let d be r(0). Let v = 489 + d. Calculate o(v).
-33
Let m(o) be the first derivative of -o**3/3 + 9*o**2/2 + 22*o + 957. What is m(11)?
0
Let z = 87 + -84. Suppose 0 = z*i - 5*w - 16, -w - 22 + 86 = 5*i. Let o(c) = -c**3 - i*c - 4*c**2 + 2 + 4*c + 7*c. Determine o(-4).
6
Let w(g) = g**2 + 13*g + 25. Let o be w(-11). Let t be 3*(-